 divisor of o and 32?
16
Suppose 2*v + 45 = -43. Let b = 114 + v. Calculate the greatest common factor of 10 and b.
10
Let s be (-297)/6 - 1/(-2). Let u be 122/14 + (-14)/s. What is the highest common factor of 9 and u?
9
Let d be 42 + (0/2)/4. Suppose -5*j + 141 = -49. Suppose -2*b = p - j, -b = b - p - d. What is the greatest common factor of 160 and b?
20
Let z be (30/9)/(1/6). Let t = z + -4. What is the highest common divisor of t and 32?
16
Let q be 3/(-6) + (-70)/4. Let h be 16/6*q/(-4). Calculate the greatest common divisor of 30 and h.
6
Let k(z) = z + 18. Let j be k(-14). Let f = 58 + -26. Calculate the greatest common factor of j and f.
4
Suppose d + 4 = 2*d. Let y be 4/1 + (d - 2). Suppose -y = -2*a + 26. What is the highest common factor of a and 64?
16
Suppose 3*b - 2*b + 24 = 0. Let q be b*(0 - 2/4). Let d = q + -6. Calculate the highest common divisor of 2 and d.
2
Let v be 15*(-2 + 1 - -2). Suppose 0 = 2*m - 3*m - 1. Let y be (2 - 1)/(m/(-5)). What is the highest common factor of v and y?
5
Let n be 4 + 2*(-3)/6. Suppose -y = -n*y + 16. Suppose y = -f + 20. What is the highest common factor of f and 36?
12
Suppose -5*h = 3*b - 975, -3*b = -0*h + 3*h - 981. What is the highest common factor of 30 and b?
30
Let d(a) = 20*a + 4. Let t be d(1). What is the highest common factor of t and 132?
12
Suppose 4*a + 0*a = 3*y + 452, 3*y = 2*a - 220. Let v = 61 - a. Let c = v - -119. What is the highest common divisor of 8 and c?
8
Let a = 490 + -480. Let z(x) = x - 1. Let h be z(3). Suppose 2*d = h*k + 160, -k - 160 = -2*d - 3*k. Calculate the highest common factor of a and d.
10
Let p be (1/2)/(2/756). Let w be (-149)/(-7) - (-16)/(-56). Calculate the highest common factor of p and w.
21
Let y be (-30)/(6 + 0)*(-22)/5. Suppose 5*k + 82 - 192 = 0. Calculate the greatest common factor of k and y.
22
Let i be -8 - (-35 - 15) - 0/2. Let n = 11 - -5. Let s be 1*n + (-3 - -1). What is the greatest common divisor of i and s?
14
Let h = 3 - 3. Let w = 9 + h. Calculate the greatest common factor of w and 18.
9
Let r(q) = q**2 + 6*q + 7. Let k(m) = m**2 + 7*m + 7. Let b(p) = -6*k(p) + 7*r(p). Let x be b(0). What is the highest common divisor of x and 49?
7
Let k be 3*4/(-12)*-104. Calculate the greatest common divisor of k and 13.
13
Let g = 65 + -33. Let h(p) = p + 6. Let n be h(-7). Let w = 3 - n. Calculate the highest common factor of g and w.
4
Let v be 189 + -3 - -3 - 2. Calculate the greatest common divisor of 17 and v.
17
Suppose 1 = 5*a + 2*z, -1 = 5*a + 5*z + 4. Let x(j) = 14*j + 1. Let k be x(a). Suppose u - k = 1. Calculate the greatest common divisor of 24 and u.
8
Let q be 286/8 - 3/(-12). Suppose -2*w - 9 = -3*w. Calculate the greatest common divisor of q and w.
9
Let q = 357 + -231. What is the highest common factor of q and 14?
14
Let i be 6/4 + (-10)/(-4). Suppose -d = i*x - 258, 109 = 3*x + 2*d - 82. Calculate the greatest common divisor of 26 and x.
13
Suppose w - 5 = -5*j + 22, 5*w - 164 = 4*j. Let g = -6 - -13. Let a be (-6)/(-21) - (-54)/g. Calculate the highest common divisor of a and w.
8
Let f(r) be the second derivative of r - 3*r**2 + 1/6*r**4 + 2/3*r**3 + 0. Let k be f(-5). What is the highest common divisor of k and 36?
12
Suppose -3 = -2*h + 23. Suppose -m = -4*m + 6. Suppose 0 = m*i - 164 - 122. Calculate the highest common factor of i and h.
13
Let m = -223 - -367. Suppose -h - 47 = 4*g, 3*h + g = h - 59. Let i be (-3 - h)/(6/4). Calculate the greatest common factor of i and m.
16
Suppose -4*h + 2*h + l + 76 = 0, 3*l = -3*h + 96. What is the greatest common factor of h and 12?
12
Suppose 5*m = 25, -4*z + 485 + 50 = -m. Let s be 20/6*(-9)/(-2). Calculate the highest common factor of s and z.
15
Suppose -3*a - 55 = -2*x + 7, 0 = -4*a - 16. Let c be (11 + -1)*2/4. What is the greatest common factor of c and x?
5
Let q be 4 + (-3 - 0 - 0). Let z be -2 + 3/q + 3. Let w(k) = 5*k. Let r be w(z). Calculate the greatest common divisor of 5 and r.
5
Let d(l) = 6*l - 10. Let x be d(8). What is the greatest common factor of x and 57?
19
Suppose 0 = 12*y - 10*y - 14. Suppose -2*d - 2*h = -6*d + 246, 2*h = 5*d - 309. What is the highest common factor of d and y?
7
Let l be (-2)/(-1) + -1 + -1. Let s be l/4 - (-24)/1. Suppose 4*t = 24 - 0. Calculate the highest common factor of t and s.
6
Let k(i) = 2*i + 10. Let v be k(19). What is the highest common divisor of 16 and v?
16
Let r be ((-1)/(-2))/(1/18). Let j be 4 + ((-18)/(-2))/(-3). What is the greatest common divisor of j and r?
1
Suppose -v = 4*b + 6, 5*v - 28 - 8 = 2*b. Calculate the highest common factor of 6 and v.
6
Let w be (-8)/20 - 234/(-10). Let p = w - -73. What is the highest common factor of p and 12?
12
Suppose -6*o + 7*o = 1. Let w be (-1)/2*-4 + o. Suppose -w*r + 60 = -2*r. What is the greatest common factor of 12 and r?
12
Suppose -5*z = -2*z. Suppose -3*m = -z*m - 120. Let r = 37 - 17. What is the greatest common divisor of m and r?
20
Suppose 4*w + 5*o = 207 - 2, -w - 5*o + 40 = 0. What is the highest common factor of 5 and w?
5
Let q = -36 - 36. Let c = 160 + q. Calculate the greatest common divisor of c and 22.
22
Let z be ((-4)/6)/(2/(-24)). Let l(o) be the second derivative of -4*o**3/3 - 4*o**2 - o. Let y be l(-9). What is the greatest common divisor of y and z?
8
Let h(m) = -32*m**2 + 3*m - 2. Let f be h(2). Let l be 4/4 - (f - 1). Let x = 29 - 15. Calculate the greatest common divisor of x and l.
14
Let m(c) = c**3 + 5*c**2 + 4*c + 2. Let n be m(-3). Let v(z) = z**3 + 14*z**2 - 7*z - 18. Let g be v(-14). Calculate the highest common divisor of n and g.
8
Let w(f) = f**3 + 9*f**2 + 7*f - 5. Suppose 5 = 5*y + 45. Let j be w(y). Let x be 2/j - (-44)/6. Calculate the greatest common divisor of x and 4.
4
Suppose 0 = -4*q - q + 5. Let t = -1 - -9. Let d(m) = -m**2 + 8*m + 5. Let i be d(t). Calculate the highest common divisor of i and q.
1
Let d(n) = 2*n**2 - 8*n + 8. Let h be d(10). Let t = -68 + h. Suppose 3*s - 28 = 44. Calculate the highest common factor of t and s.
12
Let f(p) = -p**2 + 11*p**2 - 3*p - p - 6 + 3. Let q be f(-3). Calculate the highest common factor of q and 11.
11
Let m be 2 + 33/1 - -4. What is the greatest common divisor of m and 429?
39
Suppose -3*f + 163 = i, -3*i - 72 = 3*f - 237. What is the greatest common factor of 6 and f?
6
Let g(l) be the first derivative of -l**3/3 - 7*l**2/2 + 6. Let f be g(-5). Calculate the highest common divisor of 80 and f.
10
Let q(j) be the first derivative of -j**4/4 - 2*j**3/3 + j**2 - j + 4. Let b be q(-4). What is the highest common factor of b and 92?
23
Let d be (-1)/(-3) - 28/(-6). Let h be -2 + (57 - -3) + -3. What is the greatest common divisor of d and h?
5
Let r(s) = 2*s**2 - 4*s + 4. Let x(f) = 2*f + 1. Let h be x(1). Let p be r(h). Suppose -4*q = -p - 30. Calculate the highest common factor of 70 and q.
10
Let o = 144 + -47. Let j = -57 + o. What is the greatest common divisor of 16 and j?
8
Let a(w) = -21*w - 7. Let n be a(-12). Calculate the greatest common divisor of n and 98.
49
Suppose -3*w = 4*q - w + 26, 0 = -5*q + w - 29. Let z(i) = i**2 + 3*i - 5. Let n be z(q). Calculate the highest common factor of n and 65.
13
Suppose 6*l - 18 = 234. Calculate the greatest common factor of l and 24.
6
Suppose 3*r + 14 = -31. Let j = r - -9. Let i be 75/j*44/(-5). Calculate the highest common divisor of i and 10.
10
Let z = 71 - 53. What is the greatest common divisor of z and 90?
18
Let j = -6 - -13. Let q = j - -4. Calculate the greatest common factor of q and 44.
11
Let g(l) = -l**2 - 5*l + 5. Let p be g(-8). Let u = p + 23. What is the highest common divisor of 4 and u?
4
Suppose j + o + 0*o = 7, -4*j = -o - 28. What is the greatest common divisor of j and 63?
7
Suppose 3*x - 256 = -13. Calculate the greatest common divisor of 54 and x.
27
Suppose 3*h - 5*c + 25 = 0, -10 = 4*h - 2*c - 0. Let o be -1 + (h - 0) - -56. What is the highest common factor of 22 and o?
11
Suppose 3*p + 0*z = -z + 26, -28 = -3*p - 2*z. Calculate the greatest common divisor of 32 and p.
8
Let h = 12 - -6. Suppose 0*s - 4*s - u + 9 = 0, -7 = -5*s + 3*u. Suppose 21 = s*i - 3. What is the greatest common divisor of h and i?
6
Let d be 2 - (204 + 0)/(-6). Calculate the highest common divisor of 60 and d.
12
Let a = 